{"id":431,"date":"2023-02-20T07:33:45","date_gmt":"2023-02-20T07:33:45","guid":{"rendered":"http:\/\/qkrvknp.cluster031.hosting.ovh.net\/rosliny2\/?page_id=431"},"modified":"2023-10-23T07:04:27","modified_gmt":"2023-10-23T07:04:27","slug":"ilustrowane-przewodniki-terenowe","status":"publish","type":"page","link":"https:\/\/floramarenostrum.pl\/index.php\/ilustrowane-przewodniki-terenowe\/","title":{"rendered":"Ilustrowane przewodniki terenowe"},"content":{"rendered":"\t\t<div data-elementor-type=\"wp-page\" data-elementor-id=\"431\" class=\"elementor elementor-431\" data-elementor-post-type=\"page\">\n\t\t\t\t\t\t<section class=\"elementor-section elementor-top-section elementor-element elementor-element-70e44ca1 elementor-section-full_width elementor-section-height-min-height elementor-section-items-stretch elementor-reverse-tablet elementor-reverse-mobile elementor-section-content-middle elementor-section-height-default\" data-id=\"70e44ca1\" data-element_type=\"section\" data-e-type=\"section\">\n\t\t\t\t\t\t<div class=\"elementor-container elementor-column-gap-no\">\n\t\t\t\t\t<div class=\"elementor-column elementor-col-50 elementor-top-column elementor-element elementor-element-1e255b88\" data-id=\"1e255b88\" data-element_type=\"column\" data-e-type=\"column\" data-settings=\"{&quot;background_background&quot;:&quot;classic&quot;}\">\n\t\t\t<div class=\"elementor-widget-wrap elementor-element-populated\">\n\t\t\t\t\t\t<div class=\"elementor-element elementor-element-7963ae4b elementor-widget elementor-widget-image\" data-id=\"7963ae4b\" data-element_type=\"widget\" data-e-type=\"widget\" data-widget_type=\"image.default\">\n\t\t\t\t<div class=\"elementor-widget-container\">\n\t\t\t\t\t\t\t\t\t\t\t\t\t\t\t<img fetchpriority=\"high\" decoding=\"async\" width=\"768\" height=\"1147\" src=\"https:\/\/floramarenostrum.pl\/wp-content\/uploads\/2023\/02\/IMGP0392-Iris-pseudopumila-1-768x1147.jpg\" class=\"attachment-medium_large size-medium_large wp-image-283\" alt=\"\" srcset=\"https:\/\/floramarenostrum.pl\/wp-content\/uploads\/2023\/02\/IMGP0392-Iris-pseudopumila-1-768x1147.jpg 768w, https:\/\/floramarenostrum.pl\/wp-content\/uploads\/2023\/02\/IMGP0392-Iris-pseudopumila-1-201x300.jpg 201w, https:\/\/floramarenostrum.pl\/wp-content\/uploads\/2023\/02\/IMGP0392-Iris-pseudopumila-1-685x1024.jpg 685w, https:\/\/floramarenostrum.pl\/wp-content\/uploads\/2023\/02\/IMGP0392-Iris-pseudopumila-1-1028x1536.jpg 1028w, https:\/\/floramarenostrum.pl\/wp-content\/uploads\/2023\/02\/IMGP0392-Iris-pseudopumila-1-1371x2048.jpg 1371w, https:\/\/floramarenostrum.pl\/wp-content\/uploads\/2023\/02\/IMGP0392-Iris-pseudopumila-1-scaled.jpg 1714w\" sizes=\"(max-width: 768px) 100vw, 768px\" \/>\t\t\t\t\t\t\t\t\t\t\t\t\t\t\t<\/div>\n\t\t\t\t<\/div>\n\t\t\t\t\t<\/div>\n\t\t<\/div>\n\t\t\t\t<div class=\"elementor-column elementor-col-50 elementor-top-column elementor-element elementor-element-34198056\" data-id=\"34198056\" data-element_type=\"column\" data-e-type=\"column\">\n\t\t\t<div class=\"elementor-widget-wrap elementor-element-populated\">\n\t\t\t\t\t\t<section class=\"elementor-section elementor-inner-section elementor-element elementor-element-50d4ee6 elementor-section-full_width elementor-section-height-default elementor-section-height-default\" data-id=\"50d4ee6\" data-element_type=\"section\" data-e-type=\"section\">\n\t\t\t\t\t\t<div class=\"elementor-container elementor-column-gap-no\">\n\t\t\t\t\t<div class=\"elementor-column elementor-col-100 elementor-inner-column elementor-element elementor-element-becdeab\" data-id=\"becdeab\" data-element_type=\"column\" data-e-type=\"column\">\n\t\t\t<div class=\"elementor-widget-wrap elementor-element-populated\">\n\t\t\t\t\t\t<div class=\"elementor-element elementor-element-287a2f8 elementor-widget elementor-widget-heading\" data-id=\"287a2f8\" data-element_type=\"widget\" data-e-type=\"widget\" data-widget_type=\"heading.default\">\n\t\t\t\t<div class=\"elementor-widget-container\">\n\t\t\t\t\t<h1 class=\"elementor-heading-title elementor-size-default\">Ilustrowane przewodniki terenowe<\/h1>\t\t\t\t<\/div>\n\t\t\t\t<\/div>\n\t\t\t\t<div class=\"elementor-element elementor-element-8c2c5a3 elementor-widget__width-initial elementor-absolute animated-slow elementor-widget-tablet__width-initial elementor-widget-mobile__width-initial elementor-invisible elementor-widget elementor-widget-spacer\" data-id=\"8c2c5a3\" data-element_type=\"widget\" data-e-type=\"widget\" data-settings=\"{&quot;_position&quot;:&quot;absolute&quot;,&quot;_animation&quot;:&quot;fadeInUp&quot;}\" data-widget_type=\"spacer.default\">\n\t\t\t\t<div class=\"elementor-widget-container\">\n\t\t\t\t\t\t\t<div class=\"elementor-spacer\">\n\t\t\t<div class=\"elementor-spacer-inner\"><\/div>\n\t\t<\/div>\n\t\t\t\t\t\t<\/div>\n\t\t\t\t<\/div>\n\t\t\t\t\t<\/div>\n\t\t<\/div>\n\t\t\t\t\t<\/div>\n\t\t<\/section>\n\t\t\t\t\t<\/div>\n\t\t<\/div>\n\t\t\t\t\t<\/div>\n\t\t<\/section>\n\t\t\t\t<section class=\"elementor-section elementor-top-section elementor-element elementor-element-25241c9c elementor-section-full_width elementor-section-content-middle elementor-section-height-default elementor-section-height-default\" data-id=\"25241c9c\" data-element_type=\"section\" data-e-type=\"section\">\n\t\t\t\t\t\t<div class=\"elementor-container elementor-column-gap-no\">\n\t\t\t\t\t<div class=\"elementor-column elementor-col-50 elementor-top-column elementor-element elementor-element-31fc0ac0\" data-id=\"31fc0ac0\" data-element_type=\"column\" data-e-type=\"column\">\n\t\t\t<div class=\"elementor-widget-wrap elementor-element-populated\">\n\t\t\t\t\t\t<div class=\"elementor-element elementor-element-1ea67067 elementor-widget elementor-widget-text-editor\" data-id=\"1ea67067\" data-element_type=\"widget\" data-e-type=\"widget\" data-widget_type=\"text-editor.default\">\n\t\t\t\t<div class=\"elementor-widget-container\">\n\t\t\t\t\t\t\t\t\t<p><span class=\"TextRun Underlined SCXW157208440 BCX0\" lang=\"EN-US\" xml:lang=\"EN-US\" data-contrast=\"auto\"><span class=\"NormalTextRun SpellingErrorV2Themed SCXW157208440 BCX0\">Og\u00f3lnie<\/span><span class=\"NormalTextRun SCXW157208440 BCX0\"> o <\/span><span class=\"NormalTextRun SpellingErrorV2Themed SCXW157208440 BCX0\">florze<\/span> <span class=\"NormalTextRun SpellingErrorV2Themed SCXW157208440 BCX0\">\u015br\u00f3dziemnomorskiej<\/span><\/span><\/p>\t\t\t\t\t\t\t\t<\/div>\n\t\t\t\t<\/div>\n\t\t\t\t\t<\/div>\n\t\t<\/div>\n\t\t\t\t<div class=\"elementor-column elementor-col-50 elementor-top-column elementor-element elementor-element-74c387bd elementor-invisible\" data-id=\"74c387bd\" data-element_type=\"column\" data-e-type=\"column\" data-settings=\"{&quot;background_background&quot;:&quot;classic&quot;,&quot;animation&quot;:&quot;fadeIn&quot;}\">\n\t\t\t<div class=\"elementor-widget-wrap\">\n\t\t\t\t\t\t\t<\/div>\n\t\t<\/div>\n\t\t\t\t\t<\/div>\n\t\t<\/section>\n\t\t\t\t<section class=\"elementor-section elementor-top-section elementor-element elementor-element-2519bfe4 elementor-section-full_width elementor-section-content-middle elementor-section-height-default elementor-section-height-default\" data-id=\"2519bfe4\" data-element_type=\"section\" data-e-type=\"section\" data-settings=\"{&quot;background_background&quot;:&quot;classic&quot;}\">\n\t\t\t\t\t\t<div class=\"elementor-container elementor-column-gap-no\">\n\t\t\t\t\t<div class=\"elementor-column elementor-col-100 elementor-top-column elementor-element elementor-element-24fd9c77\" data-id=\"24fd9c77\" data-element_type=\"column\" data-e-type=\"column\">\n\t\t\t<div class=\"elementor-widget-wrap elementor-element-populated\">\n\t\t\t\t\t\t<div class=\"elementor-element elementor-element-1d4d5d79 elementor-widget elementor-widget-spacer\" data-id=\"1d4d5d79\" data-element_type=\"widget\" data-e-type=\"widget\" data-widget_type=\"spacer.default\">\n\t\t\t\t<div class=\"elementor-widget-container\">\n\t\t\t\t\t\t\t<div class=\"elementor-spacer\">\n\t\t\t<div class=\"elementor-spacer-inner\"><\/div>\n\t\t<\/div>\n\t\t\t\t\t\t<\/div>\n\t\t\t\t<\/div>\n\t\t\t\t<section class=\"elementor-section elementor-inner-section elementor-element elementor-element-59a26338 elementor-section-boxed elementor-section-height-default elementor-section-height-default\" data-id=\"59a26338\" data-element_type=\"section\" data-e-type=\"section\">\n\t\t\t\t\t\t<div class=\"elementor-container elementor-column-gap-default\">\n\t\t\t\t\t<div class=\"elementor-column elementor-col-100 elementor-inner-column elementor-element elementor-element-311afb83\" data-id=\"311afb83\" data-element_type=\"column\" data-e-type=\"column\">\n\t\t\t<div class=\"elementor-widget-wrap elementor-element-populated\">\n\t\t\t\t\t\t<div class=\"elementor-element elementor-element-48da818f elementor-widget elementor-widget-text-editor\" data-id=\"48da818f\" data-element_type=\"widget\" data-e-type=\"widget\" data-widget_type=\"text-editor.default\">\n\t\t\t\t<div class=\"elementor-widget-container\">\n\t\t\t\t\t\t\t\t\t<p><span data-contrast=\"none\">Andreas B\u00e4rtels, 2009. Ro\u015bliny \u015br\u00f3dziemnomorskie. Flora \u015bwiata. MULTICO Oficyna Wydawnicza.<\/span><span data-ccp-props=\"{&quot;134233117&quot;:false,&quot;134233118&quot;:false,&quot;134245418&quot;:false,&quot;201341983&quot;:0,&quot;335551550&quot;:1,&quot;335551620&quot;:1,&quot;335559685&quot;:0,&quot;335559731&quot;:0,&quot;335559737&quot;:0,&quot;335559740&quot;:240}\">&nbsp;<\/span><\/p>\n<p><span style=\"color: var( --e-global-color-text ); letter-spacing: 0px;\" data-contrast=\"none\">Wolfgang Lippert, Dietrich Podlech. 1998. Ro\u015bliny \u015br\u00f3dziemnomorskie. Encyklopedia kieszonkowa. MUZA S.A.&nbsp;<\/span><span style=\"color: var( --e-global-color-text ); letter-spacing: 0px;\" data-ccp-props=\"{&quot;134233117&quot;:false,&quot;134233118&quot;:false,&quot;134245418&quot;:false,&quot;201341983&quot;:0,&quot;335551550&quot;:1,&quot;335551620&quot;:1,&quot;335559685&quot;:0,&quot;335559731&quot;:0,&quot;335559737&quot;:0,&quot;335559740&quot;:240}\">&nbsp;<\/span><\/p>\n<p><span style=\"color: var( --e-global-color-text ); letter-spacing: 0px;\" data-contrast=\"none\">Chris Thorogood, 2016. Field guide to the wild flowers of the Western Mediterranean. Kew Publishing, Royal Botanic gardens Kew.<\/span><span style=\"color: var( --e-global-color-text ); letter-spacing: 0px;\" data-ccp-props=\"{&quot;134233117&quot;:false,&quot;134233118&quot;:false,&quot;134245418&quot;:false,&quot;201341983&quot;:0,&quot;335551550&quot;:1,&quot;335551620&quot;:1,&quot;335559685&quot;:0,&quot;335559731&quot;:0,&quot;335559737&quot;:0,&quot;335559740&quot;:240}\">&nbsp;<\/span><\/p>\n<p><span style=\"color: var( --e-global-color-text ); letter-spacing: 0px;\" data-contrast=\"none\">Chris Thorogood, 2019. Field guide to the wild flowers of the Eastern Mediterranean. Kew Publishing, Royal Botanic gardens Kew.&nbsp;<\/span><span style=\"color: var( --e-global-color-text ); letter-spacing: 0px;\" data-ccp-props=\"{&quot;134233117&quot;:false,&quot;134233118&quot;:false,&quot;134245418&quot;:false,&quot;201341983&quot;:0,&quot;335551550&quot;:1,&quot;335551620&quot;:1,&quot;335559685&quot;:0,&quot;335559731&quot;:0,&quot;335559737&quot;:0,&quot;335559740&quot;:240}\">&nbsp;<\/span><\/p>\n<p><span style=\"color: var( --e-global-color-text ); letter-spacing: 0px;\" data-contrast=\"none\">Ori Fragman, Ran Levy-Yamamori, Pambos Christodoulou, 2001. Flowers of tur Eastern Mediterranean. Including souther Turkey, Lebanon, western Syria, Cyprus, northern and Central Israel, the Palestinian Territories and northern Jordan. A.R.G. Gartner Verlag K.G.<\/span><span style=\"color: var( --e-global-color-text ); letter-spacing: 0px;\" data-ccp-props=\"{&quot;134233117&quot;:false,&quot;134233118&quot;:false,&quot;134245418&quot;:false,&quot;201341983&quot;:0,&quot;335551550&quot;:1,&quot;335551620&quot;:1,&quot;335559685&quot;:0,&quot;335559731&quot;:0,&quot;335559737&quot;:0,&quot;335559740&quot;:240}\">&nbsp;<\/span><\/p>\n<p><span style=\"color: var( --e-global-color-text ); letter-spacing: 0px;\" data-contrast=\"none\">Marjorie Blamey, Christopher Grey-Wilson. 2005. Wild Flowers of the Mediterranean. A &amp; C Black, London. &#8211; znakomity przewodnik ilustrowany rysunkami pierwszej autorki.<\/span><span style=\"color: var( --e-global-color-text ); letter-spacing: 0px;\" data-ccp-props=\"{&quot;134233117&quot;:false,&quot;134233118&quot;:false,&quot;134245418&quot;:false,&quot;201341983&quot;:0,&quot;335551550&quot;:1,&quot;335551620&quot;:1,&quot;335559685&quot;:0,&quot;335559731&quot;:0,&quot;335559737&quot;:0,&quot;335559740&quot;:240}\">&nbsp;<\/span><\/p>\n<p><span style=\"color: var( --e-global-color-text ); letter-spacing: 0px;\" data-contrast=\"none\">Peter und Ingrid Sch\u00f6nfelder. 1997. Was bl\u00fcht an Mittelmeer. Wissenschaftliche Buchgesellschaft, Darmstadt. &#8211; bardzo wiele wyda\u0144 w kilku j\u0119zykach.<\/span><span style=\"color: var( --e-global-color-text ); letter-spacing: 0px;\" data-ccp-props=\"{&quot;134233117&quot;:false,&quot;134233118&quot;:false,&quot;134245418&quot;:false,&quot;201341983&quot;:0,&quot;335551550&quot;:1,&quot;335551620&quot;:1,&quot;335559685&quot;:0,&quot;335559731&quot;:0,&quot;335559737&quot;:0,&quot;335559740&quot;:240}\">&nbsp;<\/span><\/p>\n<p><span style=\"color: var( --e-global-color-text ); letter-spacing: 0px;\" data-contrast=\"none\">Paul Sterry, 2000. Compete Mediterranean Wildlife. Harper Collins Publishers, London. &#8211; praktyczny przewodnik po przyrodzie \u015br\u00f3dziemnomorskiej, zawieraj\u0105cy zar\u00f3wno ro\u015bliny, jak i zwierz\u0119ta.<\/span><span style=\"color: var( --e-global-color-text ); letter-spacing: 0px;\" data-ccp-props=\"{&quot;134233117&quot;:false,&quot;134233118&quot;:false,&quot;134245418&quot;:false,&quot;201341983&quot;:0,&quot;335551550&quot;:1,&quot;335551620&quot;:1,&quot;335559685&quot;:0,&quot;335559731&quot;:0,&quot;335559737&quot;:0,&quot;335559740&quot;:240}\">&nbsp;<\/span><\/p>\n<p><span style=\"color: var( --e-global-color-text ); letter-spacing: 0px;\" data-contrast=\"none\">David Burnie, 2007. Mediterrane Wildpflanzen. Darling Kindersley, London. &#8211; niemiecka wersja ksi\u0105\u017cki Wild Flowers of the Mediterranean.<\/span><span style=\"color: var( --e-global-color-text ); letter-spacing: 0px;\" data-ccp-props=\"{&quot;134233117&quot;:false,&quot;134233118&quot;:false,&quot;134245418&quot;:false,&quot;201341983&quot;:0,&quot;335551550&quot;:1,&quot;335551620&quot;:1,&quot;335559685&quot;:0,&quot;335559731&quot;:0,&quot;335559737&quot;:0,&quot;335559740&quot;:240}\">&nbsp;<\/span><\/p>\n<p><span style=\"color: var( --e-global-color-text ); letter-spacing: 0px;\" data-contrast=\"none\">Ruprecht D\u00fcll, Irene D\u00fcll, 2007. Taschenlexikon der Mittelmeerflora. Ein botanisch-\u00f6kologischer Exkursionsbegleiter. Quelle &amp; Meyer Verlag, Wiebelsheim. &#8211; leksykon zawieraj\u0105cy wiele informacji o u\u017cytkowaniu oraz leczniczych i technicznych w\u0142a\u015bciwo\u015bciach ro\u015blin \u015br\u00f3dziemnomorskich.<\/span><span style=\"color: var( --e-global-color-text ); letter-spacing: 0px;\" data-ccp-props=\"{&quot;134233117&quot;:false,&quot;134233118&quot;:false,&quot;134245418&quot;:false,&quot;201341983&quot;:0,&quot;335551550&quot;:1,&quot;335551620&quot;:1,&quot;335559685&quot;:0,&quot;335559731&quot;:0,&quot;335559737&quot;:0,&quot;335559740&quot;:240}\">&nbsp;<\/span><\/p>\n<p><span style=\"color: var( --e-global-color-text ); letter-spacing: 0px;\" data-contrast=\"none\">Paul Davies, Bob Gibbons, 2004. Field Guide to Wild Flowers of Southern Europe. The Crowood Press. &#8211; 700 zdj\u0119\u0107 ro\u015blin z dok\u0142adnymi opisami.<\/span><span style=\"color: var( --e-global-color-text ); letter-spacing: 0px;\" data-ccp-props=\"{&quot;134233117&quot;:false,&quot;134233118&quot;:false,&quot;134245418&quot;:false,&quot;201341983&quot;:0,&quot;335551550&quot;:1,&quot;335551620&quot;:1,&quot;335559685&quot;:0,&quot;335559731&quot;:0,&quot;335559737&quot;:0,&quot;335559740&quot;:240}\">&nbsp;<\/span><\/p>\t\t\t\t\t\t\t\t<\/div>\n\t\t\t\t<\/div>\n\t\t\t\t\t<\/div>\n\t\t<\/div>\n\t\t\t\t\t<\/div>\n\t\t<\/section>\n\t\t\t\t\t<\/div>\n\t\t<\/div>\n\t\t\t\t\t<\/div>\n\t\t<\/section>\n\t\t\t\t<section class=\"elementor-section elementor-top-section elementor-element elementor-element-745ed52 elementor-section-boxed elementor-section-height-default elementor-section-height-default\" data-id=\"745ed52\" data-element_type=\"section\" data-e-type=\"section\">\n\t\t\t\t\t\t<div class=\"elementor-container elementor-column-gap-default\">\n\t\t\t\t\t<div class=\"elementor-column elementor-col-100 elementor-top-column elementor-element elementor-element-7d4776a\" data-id=\"7d4776a\" data-element_type=\"column\" data-e-type=\"column\">\n\t\t\t<div class=\"elementor-widget-wrap elementor-element-populated\">\n\t\t\t\t\t\t<div class=\"elementor-element elementor-element-d656cd7 elementor-widget elementor-widget-spacer\" data-id=\"d656cd7\" data-element_type=\"widget\" data-e-type=\"widget\" data-widget_type=\"spacer.default\">\n\t\t\t\t<div class=\"elementor-widget-container\">\n\t\t\t\t\t\t\t<div class=\"elementor-spacer\">\n\t\t\t<div class=\"elementor-spacer-inner\"><\/div>\n\t\t<\/div>\n\t\t\t\t\t\t<\/div>\n\t\t\t\t<\/div>\n\t\t\t\t<div class=\"elementor-element elementor-element-f4aa6ed elementor-widget elementor-widget-heading\" data-id=\"f4aa6ed\" data-element_type=\"widget\" data-e-type=\"widget\" data-widget_type=\"heading.default\">\n\t\t\t\t<div class=\"elementor-widget-container\">\n\t\t\t\t\t<h2 class=\"elementor-heading-title elementor-size-default\">Mo\u017ce zainteresuje Ci\u0119 r\u00f3wnie\u017c:<\/h2>\t\t\t\t<\/div>\n\t\t\t\t<\/div>\n\t\t\t\t\t<\/div>\n\t\t<\/div>\n\t\t\t\t\t<\/div>\n\t\t<\/section>\n\t\t\t\t<section class=\"elementor-section elementor-top-section elementor-element elementor-element-e0455dd elementor-section-boxed elementor-section-height-default elementor-section-height-default\" data-id=\"e0455dd\" data-element_type=\"section\" data-e-type=\"section\">\n\t\t\t\t\t\t<div class=\"elementor-container elementor-column-gap-default\">\n\t\t\t\t\t<div class=\"elementor-column elementor-col-50 elementor-top-column elementor-element elementor-element-c44ed70\" data-id=\"c44ed70\" data-element_type=\"column\" data-e-type=\"column\">\n\t\t\t<div class=\"elementor-widget-wrap elementor-element-populated\">\n\t\t\t\t\t\t<div class=\"elementor-element elementor-element-7ad3f4f elementor-widget elementor-widget-heading\" data-id=\"7ad3f4f\" data-element_type=\"widget\" data-e-type=\"widget\" data-widget_type=\"heading.default\">\n\t\t\t\t<div class=\"elementor-widget-container\">\n\t\t\t\t\t<h2 class=\"elementor-heading-title elementor-size-default\">Przewodniki regionalne <\/h2>\t\t\t\t<\/div>\n\t\t\t\t<\/div>\n\t\t\t\t<div class=\"elementor-element elementor-element-f0e2375 elementor-align-center elementor-widget elementor-widget-button\" data-id=\"f0e2375\" data-element_type=\"widget\" data-e-type=\"widget\" data-widget_type=\"button.default\">\n\t\t\t\t<div class=\"elementor-widget-container\">\n\t\t\t\t\t\t\t\t\t<div class=\"elementor-button-wrapper\">\n\t\t\t\t\t<a class=\"elementor-button elementor-button-link elementor-size-sm\" href=\"https:\/\/floramarenostrum.pl\/index.php\/przewodniki-regionalne\/\">\n\t\t\t\t\t\t<span class=\"elementor-button-content-wrapper\">\n\t\t\t\t\t\t\t\t\t<span class=\"elementor-button-text\">Kliknij tutaj<\/span>\n\t\t\t\t\t<\/span>\n\t\t\t\t\t<\/a>\n\t\t\t\t<\/div>\n\t\t\t\t\t\t\t\t<\/div>\n\t\t\t\t<\/div>\n\t\t\t\t\t<\/div>\n\t\t<\/div>\n\t\t\t\t<div class=\"elementor-column elementor-col-50 elementor-top-column elementor-element elementor-element-9094ec8\" data-id=\"9094ec8\" data-element_type=\"column\" data-e-type=\"column\">\n\t\t\t<div class=\"elementor-widget-wrap elementor-element-populated\">\n\t\t\t\t\t\t<div class=\"elementor-element elementor-element-c8c91ad elementor-widget elementor-widget-heading\" data-id=\"c8c91ad\" data-element_type=\"widget\" data-e-type=\"widget\" data-widget_type=\"heading.default\">\n\t\t\t\t<div class=\"elementor-widget-container\">\n\t\t\t\t\t<h2 class=\"elementor-heading-title elementor-size-default\">Przydatne strony internetowe<\/h2>\t\t\t\t<\/div>\n\t\t\t\t<\/div>\n\t\t\t\t<div class=\"elementor-element elementor-element-e7d147a elementor-align-center elementor-widget elementor-widget-button\" data-id=\"e7d147a\" data-element_type=\"widget\" data-e-type=\"widget\" data-widget_type=\"button.default\">\n\t\t\t\t<div class=\"elementor-widget-container\">\n\t\t\t\t\t\t\t\t\t<div class=\"elementor-button-wrapper\">\n\t\t\t\t\t<a class=\"elementor-button elementor-button-link elementor-size-sm\" href=\"https:\/\/floramarenostrum.pl\/index.php\/przydatne-strony-internetowe\/\">\n\t\t\t\t\t\t<span class=\"elementor-button-content-wrapper\">\n\t\t\t\t\t\t\t\t\t<span class=\"elementor-button-text\">Kliknij tutaj<\/span>\n\t\t\t\t\t<\/span>\n\t\t\t\t\t<\/a>\n\t\t\t\t<\/div>\n\t\t\t\t\t\t\t\t<\/div>\n\t\t\t\t<\/div>\n\t\t\t\t\t<\/div>\n\t\t<\/div>\n\t\t\t\t\t<\/div>\n\t\t<\/section>\n\t\t\t\t<\/div>\n\t\t","protected":false},"excerpt":{"rendered":"<p>Og\u00f3lnie o florze \u015br\u00f3dziemnomorskiej Andreas B\u00e4rtels, 2009. Ro\u015bliny \u015br\u00f3dziemnomorskie. Flora \u015bwiata. MULTICO Oficyna Wydawnicza.&nbsp; Wolfgang Lippert, Dietrich Podlech. 1998. Ro\u015bliny \u015br\u00f3dziemnomorskie. Encyklopedia kieszonkowa. MUZA S.A.&nbsp;&nbsp; Chris Thorogood, 2016. Field guide to the wild flowers of the Western Mediterranean. Kew Publishing, Royal Botanic gardens Kew.&nbsp; Chris Thorogood, 2019. Field guide to the wild flowers of the [&hellip;]<\/p>\n","protected":false},"author":1,"featured_media":0,"parent":0,"menu_order":0,"comment_status":"closed","ping_status":"closed","template":"elementor_header_footer","meta":{"_acf_changed":false,"footnotes":""},"class_list":["post-431","page","type-page","status-publish","hentry"],"acf":[],"_links":{"self":[{"href":"https:\/\/floramarenostrum.pl\/index.php\/wp-json\/wp\/v2\/pages\/431","targetHints":{"allow":["GET"]}}],"collection":[{"href":"https:\/\/floramarenostrum.pl\/index.php\/wp-json\/wp\/v2\/pages"}],"about":[{"href":"https:\/\/floramarenostrum.pl\/index.php\/wp-json\/wp\/v2\/types\/page"}],"author":[{"embeddable":true,"href":"https:\/\/floramarenostrum.pl\/index.php\/wp-json\/wp\/v2\/users\/1"}],"replies":[{"embeddable":true,"href":"https:\/\/floramarenostrum.pl\/index.php\/wp-json\/wp\/v2\/comments?post=431"}],"version-history":[{"count":1,"href":"https:\/\/floramarenostrum.pl\/index.php\/wp-json\/wp\/v2\/pages\/431\/revisions"}],"predecessor-version":[{"id":15637,"href":"https:\/\/floramarenostrum.pl\/index.php\/wp-json\/wp\/v2\/pages\/431\/revisions\/15637"}],"wp:attachment":[{"href":"https:\/\/floramarenostrum.pl\/index.php\/wp-json\/wp\/v2\/media?parent=431"}],"curies":[{"name":"wp","href":"https:\/\/api.w.org\/{rel}","templated":true}]}}